 3417797 is divided by 379722?
299
Calculate the remainder when 86288 is divided by 510.
98
What is the remainder when 287815 is divided by 143847?
121
Calculate the remainder when 23273484 is divided by 56.
52
What is the remainder when 76272655 is divided by 151?
139
What is the remainder when 496325145 is divided by 99265028?
5
Calculate the remainder when 462485 is divided by 517.
287
Calculate the remainder when 3376075 is divided by 3032.
1459
What is the remainder when 182288 is divided by 8678?
50
What is the remainder when 8940960 is divided by 4126?
4044
What is the remainder when 13841868 is divided by 741?
729
Calculate the remainder when 4256078 is divided by 721.
15
What is the remainder when 5880967 is divided by 421?
18
What is the remainder when 35502608 is divided by 4514?
4512
Calculate the remainder when 1349837 is divided by 2872.
2869
Calculate the remainder when 10825087 is divided by 83.
61
Calculate the remainder when 2332709 is divided by 388737.
287
Calculate the remainder when 153733 is divided by 25535.
523
Calculate the remainder when 97574517 is divided by 14.
5
Calculate the remainder when 142645946 is divided by 1184.
1178
What is the remainder when 79689 is divided by 39478?
733
What is the remainder when 121697524 is divided by 49?
46
What is the remainder when 108772 is divided by 3502?
210
What is the remainder when 28776881 is divided by 134?
113
Calculate the remainder when 557348 is divided by 553236.
4112
Calculate the remainder when 37088947 is divided by 3495.
7
Calculate the remainder when 319471 is divided by 7148.
4959
Calculate the remainder when 80331586 is divided by 3996.
3994
What is the remainder when 13673249 is divided by 103?
102
What is the remainder when 238350 is divided by 517?
13
Calculate the remainder when 31344215 is divided by 1946.
1939
Calculate the remainder when 14701988 is divided by 3675493.
16
Calculate the remainder when 1390979 is divided by 741.
122
Calculate the remainder when 5312249 is divided by 54.
53
Calculate the remainder when 13535 is divided by 11428.
2107
Calculate the remainder when 25333426 is divided by 225.
1
What is the remainder when 6505981 is divided by 591449?
42
What is the remainder when 16082 is divided by 4094?
3800
What is the remainder when 51590884 is divided by 12?
4
What is the remainder when 2294928 is divided by 1764?
1728
Calculate the remainder when 61589730 is divided by 1642.
1594
Calculate the remainder when 9444108 is divided by 1202.
1196
Calculate the remainder when 315602 is divided by 111.
29
Calculate the remainder when 20055 is divided by 114.
105
What is the remainder when 4644884 is divided by 100975?
34
Calculate the remainder when 48840 is divided by 2367.
1500
Calculate the remainder when 1706957 is divided by 61.
55
Calculate the remainder when 2251569 is divided by 132438.
123
What is the remainder when 68909 is divided by 9593?
1758
What is the remainder when 15166747 is divided by 1104?
1099
Calculate the remainder when 7973868 is divided by 664479.
120
Calculate the remainder when 199369 is divided by 2765.
289
What is the remainder when 1735155 is divided by 165?
15
What is the remainder when 106547 is divided by 26489?
591
What is the remainder when 1616708 is divided by 1412?
1380
Calculate the remainder when 23819305 is divided by 7939767.
4
What is the remainder when 631320 is divided by 1813?
396
Calculate the remainder when 48698 is divided by 4628.
2418
What is the remainder when 379833 is divided by 126511?
300
Calculate the remainder when 145803 is divided by 294.
273
Calculate the remainder when 5261799 is divided by 720.
39
Calculate the remainder when 17847743 is divided by 1406.
1385
What is the remainder when 495191 is divided by 1523?
216
What is the remainder when 1952701 is divided by 13?
10
Calculate the remainder when 2240862 is divided by 239.
237
What is the remainder when 9062941 is divided by 1451?
1446
Calculate the remainder when 1856975 is divided by 44213.
29
Calculate the remainder when 8259522 is divided by 703.
678
What is the remainder when 3779418 is divided by 1259767?
117
What is the remainder when 26420 is divided by 13201?
18
What is the remainder when 118137580 is divided by 59068786?
8
What is the remainder when 5481946 is divided by 3?
1
Calculate the remainder when 4417116 is divided by 190.
186
Calculate the remainder when 75466 is divided by 2055.
1486
Calculate the remainder when 79927147 is divided by 133.
132
Calculate the remainder when 234454 is divided by 76479.
5017
Calculate the remainder when 14523430 is divided by 66.
64
Calculate the remainder when 84577 is divided by 9704.
6945
Calculate the remainder when 258748 is divided by 246.
202
What is the remainder when 2170 is divided by 268?
26
What is the remainder when 2745548 is divided by 657?
602
What is the remainder when 7443496 is divided by 303?
301
Calculate the remainder when 115597718 is divided by 40.
38
What is the remainder when 65078 is divided by 32485?
108
What is the remainder when 1264087 is divided by 1264046?
41
Calculate the remainder when 96044 is divided by 2179.
168
Calculate the remainder when 2053055 is divided by 512988.
1103
Calculate the remainder when 353627 is divided by 958.
125
Calculate the remainder when 3278204 is divided by 5296.
5276
Calculate the remainder when 25562 is divided by 2313.
119
What is the remainder when 462536 is divided by 10055?
6
Calculate the remainder when 525341 is divided by 1924.
89
Calculate the remainder when 19841402 is divided by 129682.
56
Calculate the remainder when 13704045 is divided by 207637.
3
What is the remainder when 15377921 is divided by 452?
429
What is the remainder when 87885 is divided by 21738?
933
Calculate the remainder when 51513 is divided by 50383.
1130
What is the remainder when 204485854 is divided by 24?
22
What is the remainder when 336571 is divided by 1595?
26
What is the remainder when 2025655 is divided by 106?
101
Calculate the remainder when 55483713 is divided by 27741853.
7
What is the remainder when 2642054 is divided by 7293?
1988
What is the remainder when 8218049 is divided by 3842?
11
What is the remainder when 29673979 is divided by 70?
69
Calculate the remainder when 244055 is divided by 122021.
13
Calculate the remainder when 826459 is divided by 2792.
27
What is the remainder when 35714244 is divided by 4810?
4804
What is the remainder when 6678814 is divided by 1053?
688
What is the remainder when 1101662 is divided by 275402?
54
Calculate the remainder when 569069 is divided by 262.
5
What is the remainder when 4275033 is divided by 501?
0
What is the remainder when 136574904 is divided by 2509?
2507
Calculate the remainder when 4754313 is divided by 40635.
18
Calculate the remainder when 170928 is divided by 13761.
5796
What is the remainder when 2796483 is divided by 1316?
1299
What is the remainder when 1483713612 is divided by 863?
862
Calculate the remainder when 185336 is divided by 61769.
29
Calculate the remainder when 271096 is divided by 135112.
872
What is the remainder when 12039153 is divided by 511?
504
What is the remainder when 13698638 is divided by 682?
668
Calculate the remainder when 7961647 is divided by 57.
1
What is the remainder when 973680 is divided by 324556?
12
Calculate the remainder when 23311212 is divided by 16.
12
Calculate the remainder when 578865525 is divided by 7236.
7233
What is the remainder when 106595 is divided by 332?
23
Calculate the remainder when 617217 is divided by 123423.
102
Calculate the remainder when 28684546 is divided by 2713.
2710
What is the remainder when 19812 is divided by 1009?
641
Calculate the remainder when 93849943 is divided by 4263.
4261
What is the remainder when 588567 is divided by 1356?
63
What is the remainder when 34439 is divided by 736?
583
What is the remainder when 20183123 is divided by 625?
623
What is the remainder when 6182304 is divided by 596?
592
Calculate the remainder when 517158 is divided by 612.
18
Calculate the remainder when 267298 is divided by 137.
11
What is the remainder when 55387455 is divided by 260035?
0
Calculate the remainder when 3879348 is divided by 25028.
8
Calculate the remainder when 8547204 is divi